pose 0*m = 4*s - o*m - 2, -5*m = -15. Suppose 4*w + 12 = 0, s*w = -3*d + 115 - 19. List the prime factors of d.
2, 17
Let z = 68 + -64. What are the prime factors of (13/(312/(-176)))/(z/(-102))?
11, 17
Suppose -32993 = -56*r + 37287. List the prime factors of r.
5, 251
Let d(k) be the second derivative of -k**5/60 - 3*k**4/8 + 2*k**3/3 - 5*k**2/2 - 4*k. Let q(b) be the first derivative of d(b). List the prime factors of q(-6).
2, 11
Let c(y) = y + 522. What are the prime factors of c(24)?
2, 3, 7, 13
Suppose 5*n = 27 - 7. Suppose n*v - 4*j - 164 = -0*j, -4*v = -5*j - 162. Suppose v + 137 = 5*w. List the prime factors of w.
2, 3
Let m be (-12)/(-18) - 8/(-6). Suppose -m*d - 3*d + 2*s + 314 = 0, -64 = -d + s. Let t = d - -4. List the prime factors of t.
2, 3, 11
Let m = 887 + -610. What are the prime factors of m?
277
Let o(s) = s**2 + s - 1. Suppose 3*x = -c, c + 5*x + 0 = 2. Let i(m) = 4*m**3 + 7*m**2 - m - 2. Let y(t) = c*o(t) + i(t). What are the prime factors of y(2)?
41
Let j = -4437 - -6465. What are the prime factors of j?
2, 3, 13
Let l = -1423 - -2426. List the prime factors of l.
17, 59
Suppose 2*g + 10 = 4*g, 2*l = -2*g + 138. Suppose 0*x - l = -2*x. What are the prime factors of x?
2
List the prime factors of -2 - (1 - -2) - (-1639 + -40).
2, 3, 31
Let f(t) = 18*t**2 - 3*t - 3. List the prime factors of f(-3).
2, 3, 7
Let i(v) = v**3 - 11*v**2 + 34*v - 34. What are the prime factors of i(7)?
2
Suppose 0 = 7*o + 3 - 17. Suppose -o*k + 279 = -5*p, 0*k + 603 = 4*k + 5*p. What are the prime factors of k?
3, 7
List the prime factors of ((-37)/(-148))/(2/6904).
863
Let x be ((-9)/(27/(-42)))/2. What are the prime factors of (-28)/(-6)*36/x?
2, 3
Suppose 5*j + 5806 = 4*d, -d - 4*j - 4355 = -4*d. List the prime factors of d.
3, 7, 23
Suppose -1275 = -2*z - m, -3008 = -5*z + 5*m + 172. What are the prime factors of z?
7, 13
Let s = 2135 - 861. List the prime factors of s.
2, 7, 13
Suppose 4*c + d + 2 = 0, 6*c = c + d + 2. Let s(w) = -11*w + 94. What are the prime factors of s(c)?
2, 47
Let u be ((-21)/42)/((-1)/(-6)). List the prime factors of -4 + (u - (2 - 66)).
3, 19
Suppose 7*m - 3*m = 616. Suppose -2*t + 2 = 0, r + 2*t = 4*t + 100. Let u = m - r. List the prime factors of u.
2, 13
Let s(z) = 16*z**2 - 18*z - 36. What are the prime factors of s(-11)?
2, 1049
Suppose 4*d - 27 = 445. Suppose -3*t - 53 = -4*t - u, -2*t = -4*u - d. Suppose 0 = -2*m - 1 + 3, -3*a + t = m. What are the prime factors of a?
2, 3
Suppose 46 = -2*x - h + 273, -2*h - 581 = -5*x. Let q = -51 + x. List the prime factors of q.
2
Suppose 4*v - 3*l + 8 = l, 14 = 5*v + 3*l. Let f be (2 - -3)/((-2)/(-2)). Suppose 3*q - h + v - 36 = 0, f*h + 31 = 3*q. What are the prime factors of q?
2, 3
List the prime factors of 7/(-5) + 159796/65.
3, 7, 13
Let p = -844 + 1302. Suppose -y = -2*z + 183, -5*z - 2*y + p = -5*y. List the prime factors of z.
7, 13
Let g(a) = -4*a**3 + 13*a**2 + 3*a - 4. Let i(k) = -5*k**3 + 13*k**2 + 4*k - 4. Let o(c) = 6*g(c) - 5*i(c). What are the prime factors of o(-13)?
2, 11
Suppose 22*d = 3501 - 465. What are the prime factors of d?
2, 3, 23
Suppose 0 = -h + 3*t + 15, -4*h - t = -5*t - 20. Suppose 0 = -h*k - 7*k + 1456. List the prime factors of k.
2, 13
Suppose -6*r + r + 4*l = -53, 45 = 3*r + 2*l. Let a = r + -4. Let m(k) = k**3 - 7*k**2 - 13*k + 5. What are the prime factors of m(a)?
2, 5
List the prime factors of (6 + 9)*(-78)/(-9) + -2.
2
Let h = -74 - -79. Suppose -2*s = h*i - 937, -4*i - 3*s + 744 = -0*i. What are the prime factors of i?
3, 7
Let f = 924 + -478. List the prime factors of f.
2, 223
Let w = -3 + 0. Let l = w + 8. Suppose 0 = l*m + 43 - 128. List the prime factors of m.
17
Suppose -y + 54 = t, 256 = 5*t - y - y. Let n = -50 + t. What are the prime factors of n?
2
Suppose 5*f = 2*b + 324 - 2250, -f = -2*b + 1918. List the prime factors of b.
2, 479
Let s(p) = 141*p**2 + 23*p + 59. List the prime factors of s(-3).
1259
Let j(o) = -o + 2. Let u be j(-6). Suppose 2*k = u + 38. Let x = -3 + k. What are the prime factors of x?
2, 5
Let o = -2 + 1. Let z(u) = -u**2 - 5*u - 4. Let q be z(-6). List the prime factors of ((-4)/(-10))/(o/q).
2
Let x(w) = -9*w**2 - 12*w - 5. Let z(b) = -8*b**2 - 12*b - 4. Let u(y) = -4*x(y) + 5*z(y). Let l be u(-5). Let m = l - -68. What are the prime factors of m?
2, 7
Let w(l) = 2*l**2 - 6*l + 362. What are the prime factors of w(-32)?
2, 1301
Suppose 0 = -3*i + 1967 + 1549. List the prime factors of i.
2, 293
Let n(y) = -49*y + 18. List the prime factors of n(-17).
23, 37
Let p = -34 + 9. Suppose q = -5*t + 13, -4*q + t + 3*t = 44. Let u = q - p. List the prime factors of u.
2, 3
Suppose 4*p = -2*k + 3122, -4*k + 2052 = 2*p - 4192. What are the prime factors of k?
7, 223
Let c(o) = o**2 + 12*o + 6. Let m be c(-12). Let t = -9 + m. List the prime factors of -2*(39/(-6) - t).
7
Let a = -2357 + 3840. List the prime factors of a.
1483
Let z(n) = -7*n + 31. Let c(r) = 3*r - 15. Let o(s) = -5*c(s) - 2*z(s). Let i be (-9)/(-21) + 6/(-14). What are the prime factors of o(i)?
13
Let d(j) = -172*j + 31. List the prime factors of d(-2).
3, 5
Suppose -695 = p - 6*p + 5*c, -4*p - 2*c = -544. Let y = p - 57. List the prime factors of y.
2, 5
Let i(r) = -2*r + r + 0*r + 7. Suppose -2*a + 3*j = a - 15, 3*a - 21 = 5*j. List the prime factors of i(a).
5
Let p be (-2 + -2)/(1/9). Let f = 55 + p. What are the prime factors of f?
19
Let y be ((-30)/(-18))/(-1*3/(-9)). Let c(j) = 2*j**3 + 3*j**2 - 6. List the prime factors of c(y).
11, 29
Let m = 498 + 337. What are the prime factors of m?
5, 167
Suppose 348*o - 2970 = 342*o. What are the prime factors of o?
3, 5, 11
Let g be (3 + -1)/(-2) + 25. Suppose 0*p + p - g = 0. Suppose 3*s + s - p = 0. List the prime factors of s.
2, 3
Suppose 0*c = 3*c - 636. Suppose 5*g - c = 178. What are the prime factors of g?
2, 3, 13
What are the prime factors of ((-1325)/20 + 8)/((-1)/8)?
2, 233
Let p be (-98)/(-7) + (2 - 5). Let q = -6 + p. Suppose 3*f = -m + 6, q*m + f - 78 = -2*f. List the prime factors of m.
2, 3
Suppose 53 = 23*g - 39. Let l be 4920/27 + (-4)/18. List the prime factors of g/(-26) - (-7308)/l.
2, 5
Let v = -190 - -1271. List the prime factors of v.
23, 47
Suppose 9*w - 4*w - 20 = 0. Suppose -3*q = w*l - 186, 4*l - 4*q - 23 - 149 = 0. List the prime factors of l.
3, 5
Suppose 67*d = 59*d + 1080. List the prime factors of d.
3, 5
Let q(f) = f**3 - 3*f**2 + 2*f. Let k be q(3). Suppose 3*v + k = 4*v. Suppose -v*p - 18 = -9*p. What are the prime factors of p?
2, 3
Suppose -p = -0*p + 37. Let k = p + 52. What are the prime factors of k?
3, 5
Let c(o) = o**2 + 4*o + 7. Let v be c(-3). Let w be 12/(-54) + 2/9. Suppose w = 4*t + u - 68 - 75, -v*u = -4*t + 148. List the prime factors of t.
2, 3
Let y(i) = 2*i**3 - 6*i**2 + 8*i - 8. Suppose -3*c + 2*s = -14, 3*c - 18 = -c + 2*s. List the prime factors of y(c).
2, 7
Suppose -5 = -5*o + 4*o. Suppose 0 = o*r - r - 224. Suppose w + r = 5*w. List the prime factors of w.
2, 7
Suppose 0 = -3*o + 62 + 31. Let n = 131 + o. What are the prime factors of n?
2, 3
Let r = -4 + 13. Suppose r*m + 64 = 856. List the prime factors of m.
2, 11
Let s = -29 - 74. Let v = 209 + s. What are the prime factors of v?
2, 53
Suppose 38*n + 5958 = 47*n. What are the prime factors of n?
2, 331
Let h = 1287 + -663. What are the prime factors of h?
2, 3, 13
Let u = -24 - -26. Let y(p) = -p - 15. Let n(q) = -5*q - 59. Let m(f) = u*n(f) - 9*y(f). What are the prime factors of m(-16)?
3, 11
Let j(f) = 9*f - 4 - f + 9*f - 9. What are the prime factors of j(4)?
5, 11
Suppose -l = -5*m + 3, -3*l = -5*m + 9*m - 10. Suppose -l*h + 14*h = 180. List the prime factors of h.
3, 5
Let x = 28 - 10. Suppose n - x = -4. List the prime factors of 4/n + (-36)/(-21).
2
Suppose 3*c + 123 = -258. Let f = 211 + c. List the prime factors of f.
2, 3, 7
Let j(t) = t**2 - 3. Let y be j(0). Suppose -7 - 2 = 3*a. What are the prime factors of (-49)/y - a/(-9)?
2
Suppose 3*z + 51 = 5*f, -5*z = -z + 2*f + 68. Let q = z + 17. Suppose 4*h - 142 + 26 = q. List the prime factors of h.
29
Suppose 0 = 3*t + 4*x - 6, 3*t = t - 4*x + 4. Suppose -t*o = -u + 2*o + 53, 5*o - 296 = -4*u. What are the prime factors of 1/(((-9)/u)/(-3))?
23
Let y be (8 + -6)*-2*2. Let r(v) be the second derivative of -v**